757 - 336?
-9093
In base 7, what is -126226545 - -5?
-126226540
In base 12, what is -12 - -6089702?
60896b0
In base 13, what is -7 + 3408b2?
3408a8
In base 15, what is b - 314495?
-314489
In base 7, what is -3313014 + 12?
-3313002
In base 8, what is 11 - -140434346?
140434357
In base 10, what is -13931 + 69694?
55763
In base 14, what is -1c598 + 18d?
-1c409
In base 12, what is -1 - 238b4a?
-238b4b
In base 8, what is 465012350 - -3?
465012353
In base 12, what is 426684 + -7?
426679
In base 14, what is -254203 + 13b?
-2540a6
In base 8, what is -1412 + 751?
-441
In base 12, what is -5 - -9755b0?
9755a7
In base 10, what is -4 + 2920528?
2920524
In base 2, what is 11011010000100111000100 + -101?
11011010000100110111111
In base 13, what is 109 + 1112?
121b
In base 6, what is -23355442 + 40?
-23355402
In base 14, what is ca3 + -468c?
-37c9
In base 9, what is -6163 - 2387?
-8561
In base 6, what is -41252 - 100113?
-141405
In base 11, what is 41 - -943229?
94326a
In base 6, what is -4110421 + 3?
-4110414
In base 7, what is 1045 + 164003?
165051
In base 6, what is -2135521 - -202?
-2135315
In base 5, what is -3 - -1314203332?
1314203324
In base 16, what is -567722 + 3?
-56771f
In base 14, what is 336122 + -45?
3360bb
In base 14, what is -1913826a - -2?
-19138268
In base 3, what is -122 - 11202101222?
-11202102121
In base 15, what is 272d4c4e - -5?
272d4c54
In base 6, what is 1 + 23412041051?
23412041052
In base 11, what is a8aa75 + 102?
a90077
In base 6, what is 3252402 - -3015?
3255421
In base 9, what is -17282876 + -2?
-17282878
In base 4, what is 1121132 + -320?
1120212
In base 9, what is -2111362 - -3?
-2111358
In base 13, what is -62 + -433790?
-433822
In base 10, what is -1911925 - 58?
-1911983
In base 2, what is 11001100000000111011000 - -11?
11001100000000111011011
In base 14, what is -3 - -18121760?
1812175b
In base 6, what is 1001442 + 2215?
1004101
In base 15, what is -848 - 22e5?
-2b3d
In base 3, what is 1 - 200120110121201222?
-200120110121201221
In base 4, what is 0 - -11121311331?
11121311331
In base 8, what is -3345125 + -3?
-3345130
In base 7, what is 12545152 + -145?
12545004
In base 7, what is 14 - -2053421?
2053435
In base 16, what is 3f6 + -1dc1a?
-1d824
In base 10, what is 78 - -198190?
198268
In base 3, what is -10001 + -22221100120?
-22221110121
In base 2, what is -100111110100001110111 + 100100?
-100111110100001010011
In base 16, what is -13daa + 3f5a?
-fe50
In base 9, what is 156438 - 777?
155551
In base 12, what is 4 + 365525a5?
365525a9
In base 5, what is 431 - -421141?
422122
In base 15, what is 6 - -663000?
663006
In base 12, what is -2 - -9558035?
9558033
In base 13, what is -533a2a1b + 5?
-533a2a16
In base 3, what is 1222011111 - 10001111?
1212010000
In base 4, what is 3311223333223 + -3?
3311223333220
In base 15, what is -16 + 5d6052?
5d603b
In base 10, what is 11722994 - -3?
11722997
In base 16, what is -1148 + 90c?
-83c
In base 9, what is -8637610 + -2?
-8637612
In base 11, what is -176a2 + -100?
-177a2
In base 15, what is 82637 + -53a?
820ec
In base 7, what is 5201044 + -304?
5200440
In base 2, what is 111110010101100100001101 + -1?
111110010101100100001100
In base 16, what is -4ec664 + 4?
-4ec660
In base 4, what is 1232 - 32002100133?
-32002032301
In base 9, what is 5 - -4004588?
4004604
In base 13, what is -3 - -2c7b122?
2c7b11c
In base 5, what is 101 - -1111034113?
1111034214
In base 5, what is 1 + -1100143342?
-1100143341
In base 2, what is -11 + 111011000101011011101000111?
111011000101011011101000100
In base 13, what is 2c18 - -4652b?
49446
In base 11, what is -4 - 19185835?
-19185839
In base 4, what is -221 + 220112003310?
220112003023
In base 8, what is -3 + 26474366?
26474363
In base 6, what is 3343 + -45130?
-41343
In base 14, what is -29 + -316d0?
-31719
In base 3, what is 2210202102202111 - 11?
2210202102202100
In base 12, what is 400619 + -78?
400561
In base 7, what is 12611 - -63234?
106145
In base 3, what is 20211 - 20202012221110?
-20202012200122
In base 13, what is 16 - 140886?
-140870
In base 9, what is 107428 - -331?
107760
In base 11, what is 1 - 1826554?
-1826553
In base 16, what is -35 + -111290?
-1112c5
In base 2, what is 100110 + -10000110110001011?
-10000110101100101
In base 10, what is -8 - 29206971?
-29206979
In base 15, what is 2 - 5743c5?
-5743c3
In base 9, what is 12185806 - 4?
12185802
In base 8, what is 2 - 630141724?
-630141722
In base 2, what is -11011 + 1001000001010100000000?
1001000001010011100101
In base 2, what is 11 - -111011010000010011011011?
111011010000010011011110
In base 5, what is 23 + 202200104?
202200132
In base 12, what is -298183 - -48?
-298137
In base 6, what is 5402 + -13024?
-3222
In base 4, what is 100013331203 - 30?
100013331113
In base 4, what is -20 + 2111111110230?
2111111110210
In base 6, what is -445450030 - 3?
-445450033
In base 11, what is -148 - 4070?
-4208
In base 11, what is -5 + 70684a4?
706849a
In base 10, what is 2 + 2026354?
2026356
In base 2, what is 1001000011010 + 110011011011?
1111011110101
In base 11, what is 9780 + 211?
9991
In base 9, what is -1634 + 28361?
26626
In base 5, what is 210 - -214413411?
214414121
In base 2, what is -11101101110010101 - 10011?
-11101101110101000
In base 6, what is 1240202422 - 4?
1240202414
In base 13, what is 2 + 1895293?
1895295
In base 4, what is 0 - -3011320011?
3011320011
In base 5, what is 222 + 1000224240?
1000230012
In base 14, what is -1049d6c + c?
-1049d60
In base 5, what is 124 + 100043421?
100044100
In base 3, what is 112201010 - 1201?
112122102
In base 2, what is -1110101101001 + 1010011110100?
-100001110101
In base 2, what is 11111101101 - 110100110111?
-10101001010
In base 2, what is -1100 - 10001111110111111101?
-10001111111000001001
In base 15, what is -1 + 19d84ea?
19d84e9
In base 10, what is -20499 - -227?
-20272
In base 11, what is -29987 - 628?
-2a504
In base 16, what is 1c - 422f9e?
-422f82
In base 11, what is -1754365 + -15?
-175437a
In base 13, what is a - 37492?
-37485
In base 10, what is -8 + -8521035?
-8521043
In base 10, what is -3310 - -757?
-2553
In base 15, what is -2131a2d + 0?
-2131a2d
In base 11, what is -22781236 + 7?
-2278122a
In base 13, what is 9984 + 22?
99a6
In base 8, what is 274575510 - -1?
274575511
In base 6, what is 5 - 20225021?
-20225012
In base 10, what is -942453 + 3?
-942450
In base 9, what is -173 - 542131?
-542314
In base 3, what is -122010111011 + -1001120?
-122011112201
In base 7, what is 14352 + -20115?
-2433
In base 13, what is 31ca - c358?
-915b
In base 9, what is -15321 + 6104?
-8216
In base 14, what is -29970b + 5?
-299706
In base 6, what is 2 + 113140322?
113140324
In base 16, what is -48ee47 - -10?
-48ee37
In base 4, what is 11 - -11300132231?
11300132302
In base 9, what is -161443 + 54?
-161378
In base 10, what is -16 + -183437?
-183453
In base 10, what is -5673139 - -2?
-5673137
In base 12, what is 103 - 35471?
-3536a
In base 7, what is -6 + 5263663?
5263654
In base 15, what is 21c853 + -95?
21c7ad
In base 4, what is 213 - -2331101033?
2331101312
In base 4, what is -101 + 3132221220?
3132221113
In base 6, what is 410451311 + -113?
410451154
In base 4, what is 212003 + 30333312?
31211321
In base 3, what is -2212211 - 21111200012?
-21121120000
In base 5, what is -3 - -30303402413?
30303402410
In base 4, what is 3322031012 + 112?
3322031130
In base 12, what is -13b - -2135b1?
213472
In base 13, what is -38bb - 2160?
-5a4b
In base 4, what is 21012311 + 110110?
21123021
In base 5, what is -2330123 - 343?
-2331021
In base 10, what is 142929 + 47?
142976
In base 7, what is -6333444 + 45?
-6333366
In base 9, what is -30580253 + -60?
-30580323
In base 8, what is -1040301 - 23?
-1040324
In base 16, what is -31774 - -16?
-3175e
In base 4, what is 103 - -2010303122221?
2010303122330
In base 13, what is 8 - -3070ca?
307105
In base 5, what is 144100222403 + -3?
144100222400
In base 14, what is -12c2 + 2396?
10b4
In base 16, what is -1a26 - -38f50?
3752a
In base 12, what is 1 + -1988496?
-1988495
In base 6, what is 4 - 331102415?
-331102411
In base 9, what is -24266244 - 5?
-24266250
In base 4, what is 123331031 - 2013?
123323012
In base 15, what is 445dd4 + -15?
445dbe
In base 6, what is -1 - -22350444?
22350443
In base 4, what is 1031311 + 33110230?
100202201
